st common factor of 70 and 201313?
7
What is the greatest common divisor of 47728 and 48?
16
What is the greatest common divisor of 125087 and 215?
43
Calculate the highest common divisor of 119959 and 35.
7
What is the highest common divisor of 39609 and 4806?
27
Calculate the greatest common factor of 78 and 2445482.
26
What is the greatest common factor of 254926 and 83447?
917
Calculate the highest common divisor of 1082016 and 2808.
936
What is the highest common divisor of 142138 and 2?
2
What is the highest common factor of 1101825 and 885?
885
What is the highest common divisor of 104199 and 94?
47
Calculate the highest common factor of 148134 and 168.
42
Calculate the greatest common factor of 2007 and 143835.
669
What is the greatest common divisor of 180 and 41560?
20
What is the highest common divisor of 4353433 and 889?
889
Calculate the highest common divisor of 173072 and 416.
16
What is the greatest common divisor of 150920 and 40?
40
Calculate the highest common divisor of 28262 and 52.
26
What is the highest common divisor of 285 and 1900?
95
Calculate the greatest common divisor of 920457 and 657.
657
What is the greatest common factor of 4328 and 20432?
8
What is the greatest common factor of 3380620 and 61?
61
What is the highest common factor of 12 and 5513034?
6
Calculate the highest common divisor of 2715 and 52671.
543
Calculate the highest common divisor of 414 and 4002.
138
Calculate the highest common divisor of 796 and 9434590.
398
Calculate the greatest common divisor of 2204 and 64.
4
What is the greatest common factor of 120 and 11881920?
120
Calculate the greatest common divisor of 348 and 381466.
58
Calculate the greatest common divisor of 154 and 19470.
22
What is the greatest common divisor of 1200 and 2325?
75
Calculate the highest common divisor of 299 and 1702207.
299
What is the greatest common divisor of 199440 and 7920?
720
What is the greatest common divisor of 845 and 2391012?
169
What is the highest common divisor of 5061 and 217?
7
What is the highest common divisor of 614 and 316?
2
What is the highest common factor of 268296 and 63?
21
Calculate the greatest common factor of 1068969 and 957.
957
What is the greatest common divisor of 645 and 15?
15
What is the greatest common divisor of 418 and 276507?
209
Calculate the greatest common factor of 14817 and 33.
33
Calculate the highest common divisor of 26286 and 351.
39
Calculate the highest common factor of 1 and 443.
1
Calculate the greatest common factor of 71492 and 732.
244
What is the greatest common divisor of 266 and 19586?
14
What is the highest common factor of 482972 and 1101?
367
Calculate the highest common factor of 9912 and 231.
21
Calculate the greatest common divisor of 69986 and 504.
14
Calculate the greatest common divisor of 1380 and 4440.
60
Calculate the highest common divisor of 282 and 1980345.
141
Calculate the highest common divisor of 430831 and 17.
17
Calculate the greatest common factor of 10021 and 4411.
11
What is the highest common divisor of 368 and 154192?
368
What is the highest common divisor of 11371 and 137?
137
What is the highest common divisor of 92839 and 6049?
263
Calculate the greatest common divisor of 516 and 138288.
516
What is the highest common factor of 820 and 22468?
164
What is the greatest common factor of 5838 and 978?
6
What is the highest common divisor of 8096 and 682?
22
Calculate the greatest common factor of 1031367 and 508.
127
What is the greatest common divisor of 8903 and 5017?
29
Calculate the highest common divisor of 23 and 2385169.
23
What is the greatest common factor of 4534901 and 931?
931
Calculate the greatest common divisor of 21936 and 2424.
24
Calculate the greatest common factor of 203 and 240961.
203
What is the highest common factor of 10285 and 17017?
187
What is the greatest common factor of 143 and 108199?
13
What is the greatest common factor of 131150 and 61?
61
Calculate the highest common divisor of 460 and 338997.
23
Calculate the highest common factor of 11 and 2524599.
11
Calculate the highest common factor of 35140 and 2660.
140
What is the greatest common divisor of 1418198 and 152?
38
Calculate the highest common divisor of 160871 and 391.
17
What is the greatest common factor of 163 and 89487?
163
What is the highest common divisor of 36 and 121779?
9
Calculate the highest common factor of 6046 and 2.
2
Calculate the greatest common divisor of 4256 and 8400.
112
Calculate the greatest common divisor of 188 and 2348872.
188
Calculate the highest common divisor of 120 and 38490.
30
What is the greatest common divisor of 50924 and 6206?
58
What is the greatest common factor of 961 and 23498?
31
Calculate the highest common factor of 3930 and 3176619.
393
What is the greatest common divisor of 228827 and 23?
23
Calculate the greatest common divisor of 51793 and 302.
151
What is the greatest common divisor of 9472 and 6?
2
What is the greatest common factor of 4805 and 109585?
155
Calculate the greatest common factor of 1274 and 4167891.
637
What is the highest common divisor of 252 and 605844?
36
Calculate the greatest common factor of 128 and 194944.
128
What is the greatest common factor of 550 and 308150?
50
Calculate the highest common divisor of 423 and 5157.
9
Calculate the highest common factor of 20368 and 28.
4
What is the greatest common divisor of 162 and 308610?
162
Calculate the highest common divisor of 916 and 1890853.
229
What is the highest common divisor of 216234 and 1476?
738
Calculate the greatest common factor of 5350 and 950.
50
Calculate the highest common divisor of 1449 and 819.
63
Calculate the highest common divisor of 30 and 139170.
30
Calculate the highest common divisor of 2683530 and 2430.
810
Calculate the greatest common divisor of 487854 and 66.
6
What is the highest common factor of 8585 and 2?
1
Calculate the highest common divisor of 20351821 and 1267.
1267
Calculate the highest common factor of 117289 and 424.
53
What is the greatest common divisor of 12 and 1118166?
6
What is the greatest common factor of 273 and 1011906?
21
What is the greatest common divisor of 42325 and 3?
1
Calculate the greatest common factor of 4232 and 2852.
92
Calculate the greatest common divisor of 17 and 4597888.
17
What is the greatest common divisor of 1884 and 2001436?
628
Calculate the greatest common divisor of 9309 and 5136.
321
What is the highest common divisor of 25853 and 412?
103
Calculate the highest common factor of 69340 and 70.
10
Calculate the highest common divisor of 1412 and 51891.
353
Calculate the greatest common divisor of 416 and 9376.
32
What is the greatest common factor of 198904 and 4747?
47
What is the highest common factor of 129884 and 19?
19
What is the highest common factor of 496 and 27900?
124
What is the highest common divisor of 16 and 191248?
16
Calculate the highest common divisor of 2888 and 9880.
152
What is the greatest common divisor of 2001 and 2784?
87
What is the greatest common factor of 34831 and 5139?
571
Calculate the greatest common divisor of 13739 and 1056.
11
Calculate the highest common divisor of 4370 and 17005.
95
What is the highest common factor of 72219 and 1533?
21
Calculate the greatest common divisor of 50502 and 31920.
114
What is the greatest common factor of 542 and 22369966?
542
Calculate the highest common factor of 15520 and 11360.
160
Calculate the highest common factor of 884895 and 1730.
865
What is the greatest common divisor of 1207 and 432106?
1207
What is the highest common divisor of 2594874 and 24?
6
What is the greatest common divisor of 205 and 943?
41
Calculate the greatest common factor of 612 and 3595806.
306
What is the greatest common factor of 79 and 997375?
79
Calculate the greatest common factor of 1437293 and 2299.
209
What is the highest common divisor of 464876 and 276?
92
What is the greatest common factor of 629951 and 124?
31
What is the highest common divisor of 7749 and 451?
41
Calculate the greatest common factor of 548856 and 1122.
66
What is the greatest common divisor of 304 and 35796?
76
Calculate the greatest common factor of 14602 and 28.
14
What is the greatest common divisor of 337 and 1803287?
337
What is the greatest common divisor of